{"id":31,"date":"2019-11-27T08:12:46","date_gmt":"2019-11-27T08:12:46","guid":{"rendered":"http:\/\/www.spisamatbar.se\/?page_id=31"},"modified":"2019-12-20T09:33:07","modified_gmt":"2019-12-20T09:33:07","slug":"bordsbokning","status":"publish","type":"page","link":"https:\/\/www.spisamatbar.se\/?page_id=31","title":{"rendered":"Boka bord"},"content":{"rendered":"\n<div class=\"wp-block-image\"><figure class=\"alignright size-large is-resized\"><img fetchpriority=\"high\" decoding=\"async\" src=\"http:\/\/www.spisamatbar.se\/wp-content\/uploads\/2019\/11\/patrick-tomasso-NlcCPeKNmwg-unsplash-1024x768.jpg\" alt=\"\" class=\"wp-image-119\" width=\"386\" height=\"289\" srcset=\"https:\/\/www.spisamatbar.se\/wp-content\/uploads\/2019\/11\/patrick-tomasso-NlcCPeKNmwg-unsplash-1024x768.jpg 1024w, https:\/\/www.spisamatbar.se\/wp-content\/uploads\/2019\/11\/patrick-tomasso-NlcCPeKNmwg-unsplash-300x225.jpg 300w, https:\/\/www.spisamatbar.se\/wp-content\/uploads\/2019\/11\/patrick-tomasso-NlcCPeKNmwg-unsplash-768x576.jpg 768w, https:\/\/www.spisamatbar.se\/wp-content\/uploads\/2019\/11\/patrick-tomasso-NlcCPeKNmwg-unsplash-1536x1152.jpg 1536w, https:\/\/www.spisamatbar.se\/wp-content\/uploads\/2019\/11\/patrick-tomasso-NlcCPeKNmwg-unsplash-2048x1536.jpg 2048w, https:\/\/www.spisamatbar.se\/wp-content\/uploads\/2019\/11\/patrick-tomasso-NlcCPeKNmwg-unsplash-830x623.jpg 830w, https:\/\/www.spisamatbar.se\/wp-content\/uploads\/2019\/11\/patrick-tomasso-NlcCPeKNmwg-unsplash-230x173.jpg 230w, https:\/\/www.spisamatbar.se\/wp-content\/uploads\/2019\/11\/patrick-tomasso-NlcCPeKNmwg-unsplash-350x263.jpg 350w, https:\/\/www.spisamatbar.se\/wp-content\/uploads\/2019\/11\/patrick-tomasso-NlcCPeKNmwg-unsplash-480x360.jpg 480w\" sizes=\"(max-width: 386px) 100vw, 386px\" \/><\/figure><\/div>\n\n\n\n<p><strong><br><\/strong>De flesta restaurangerna erbjuder bordbokning online. Antingen genom ett eget bokningssystem eller genom en annan akt\u00f6r. <\/p>\n\n\n\n<p>Har du inte m\u00f6jlighet att boka online eller kanske \u00e4r ett st\u00f6rre s\u00e4llskap \u00e4r det b\u00e4st att kontakta restaurangen per telefon. V\u00e4lj en tidpunkt d\u00e4r de inte har som mest att g\u00f6ra s\u00e5 har du st\u00f6rst chans att f\u00e5 hj\u00e4lp snabbt. Det \u00e4r tex b\u00e4ttre att ringa en m\u00e5ndag kv\u00e4ll \u00e4n en l\u00f6rdag kv\u00e4ll. <br><\/p>\n","protected":false},"excerpt":{"rendered":"<p>De flesta restaurangerna erbjuder bordbokning online. Antingen genom ett eget bokningssystem eller genom en annan akt\u00f6r. Har du inte m\u00f6jlighet att boka [&hellip;]<\/p>\n","protected":false},"author":1,"featured_media":0,"parent":0,"menu_order":0,"comment_status":"closed","ping_status":"closed","template":"page-templates\/page_fullwidth.php","meta":{"footnotes":""},"class_list":["post-31","page","type-page","status-publish","hentry"],"_links":{"self":[{"href":"https:\/\/www.spisamatbar.se\/index.php?rest_route=\/wp\/v2\/pages\/31","targetHints":{"allow":["GET"]}}],"collection":[{"href":"https:\/\/www.spisamatbar.se\/index.php?rest_route=\/wp\/v2\/pages"}],"about":[{"href":"https:\/\/www.spisamatbar.se\/index.php?rest_route=\/wp\/v2\/types\/page"}],"author":[{"embeddable":true,"href":"https:\/\/www.spisamatbar.se\/index.php?rest_route=\/wp\/v2\/users\/1"}],"replies":[{"embeddable":true,"href":"https:\/\/www.spisamatbar.se\/index.php?rest_route=%2Fwp%2Fv2%2Fcomments&post=31"}],"version-history":[{"count":4,"href":"https:\/\/www.spisamatbar.se\/index.php?rest_route=\/wp\/v2\/pages\/31\/revisions"}],"predecessor-version":[{"id":142,"href":"https:\/\/www.spisamatbar.se\/index.php?rest_route=\/wp\/v2\/pages\/31\/revisions\/142"}],"wp:attachment":[{"href":"https:\/\/www.spisamatbar.se\/index.php?rest_route=%2Fwp%2Fv2%2Fmedia&parent=31"}],"curies":[{"name":"wp","href":"https:\/\/api.w.org\/{rel}","templated":true}]}}