{"id":35,"date":"2019-11-27T08:15:19","date_gmt":"2019-11-27T08:15:19","guid":{"rendered":"http:\/\/www.spisamatbar.se\/?page_id=35"},"modified":"2025-06-24T12:38:59","modified_gmt":"2025-06-24T11:38:59","slug":"omoss-spisamatbar","status":"publish","type":"page","link":"https:\/\/www.spisamatbar.se\/?page_id=35","title":{"rendered":"Om SPISA Matbar"},"content":{"rendered":"\n<h1 class=\"wp-block-heading\">SPISA MATBAR<\/h1>\n\n\n\n<figure class=\"wp-block-image alignright size-large is-resized\"><img fetchpriority=\"high\" decoding=\"async\" width=\"1024\" height=\"683\" src=\"http:\/\/www.spisamatbar.se\/wp-content\/uploads\/2019\/11\/alexandre-godreau-7YlHU_ZPS34-unsplash-1024x683.jpg\" alt=\"\" class=\"wp-image-126\" style=\"width:301px;height:201px\" srcset=\"https:\/\/www.spisamatbar.se\/wp-content\/uploads\/2019\/11\/alexandre-godreau-7YlHU_ZPS34-unsplash-1024x683.jpg 1024w, https:\/\/www.spisamatbar.se\/wp-content\/uploads\/2019\/11\/alexandre-godreau-7YlHU_ZPS34-unsplash-300x200.jpg 300w, https:\/\/www.spisamatbar.se\/wp-content\/uploads\/2019\/11\/alexandre-godreau-7YlHU_ZPS34-unsplash-768x512.jpg 768w, https:\/\/www.spisamatbar.se\/wp-content\/uploads\/2019\/11\/alexandre-godreau-7YlHU_ZPS34-unsplash-1536x1024.jpg 1536w, https:\/\/www.spisamatbar.se\/wp-content\/uploads\/2019\/11\/alexandre-godreau-7YlHU_ZPS34-unsplash-2048x1365.jpg 2048w, https:\/\/www.spisamatbar.se\/wp-content\/uploads\/2019\/11\/alexandre-godreau-7YlHU_ZPS34-unsplash-830x553.jpg 830w, https:\/\/www.spisamatbar.se\/wp-content\/uploads\/2019\/11\/alexandre-godreau-7YlHU_ZPS34-unsplash-230x153.jpg 230w, https:\/\/www.spisamatbar.se\/wp-content\/uploads\/2019\/11\/alexandre-godreau-7YlHU_ZPS34-unsplash-350x233.jpg 350w, https:\/\/www.spisamatbar.se\/wp-content\/uploads\/2019\/11\/alexandre-godreau-7YlHU_ZPS34-unsplash-480x320.jpg 480w\" sizes=\"(max-width: 1024px) 100vw, 1024px\" \/><\/figure>\n\n\n\n<p>Spisa Matbar var en modern restaurang i G\u00f6teborg. D\u00e4r lagades mat inspirerad av Frankrike, Spanien och Italien. <\/p>\n\n\n\n<p>De erbj\u00f6d f\u00e4rdiga menyer eller flera olika r\u00e4tter som man kunde dela med varandra. <\/p>\n\n\n\n<p>Det fanns sittplatser b\u00e5de i den l\u00e5nga matbaren eller i  matsalen. En riktigt bra sak var att det alltid fanns ett par platser f\u00f6r de som ville \u00e4ta eller drick ett glas men inte hunnit boka bord. <\/p>\n\n\n\n<p>F\u00f6rutom att Spisa erbj\u00f6d mat i restaurangen hj\u00e4lpte de \u00e4ven till med catering, allt fr\u00e5n enklare ost och charkbuffeer till st\u00f6rre middagar. Vill ha tygp\u00e5sar med v\u00e5r logga? Best\u00e4ll ifr\u00e5n <a href=\"https:\/\/tryckatygpasar.se\/\" data-type=\"URL\" data-id=\"https:\/\/tryckatygpasar.se\/\">tryckatygpasar.se<\/a><\/p>\n\n\n\n<p>Spisa var mycket uppskattat vilket finns att l\u00e4sa i recensioner fr\u00e5n tidigare g\u00e4ster. <\/p>\n\n\n\n<p>S\u00f6ker du arbete i G\u00f6teborg? <a href=\"https:\/\/jobbklar.se\/rusta-och-matcha-goteborg\/\">Rusta och Matcha G\u00f6teborg<\/a> ger arbetss\u00f6kande st\u00f6d och hj\u00e4lp till att komma i arbete. Du f\u00e5r en personlig handledare och hj\u00e4lp med allt fr\u00e5n att skriva ett CV till intervjuteknik. <\/p>\n","protected":false},"excerpt":{"rendered":"<p>SPISA MATBAR Spisa Matbar var en modern restaurang i G\u00f6teborg. D\u00e4r lagades mat inspirerad av Frankrike, Spanien och Italien. De erbj\u00f6d f\u00e4rdiga [&hellip;]<\/p>\n","protected":false},"author":1,"featured_media":0,"parent":0,"menu_order":0,"comment_status":"closed","ping_status":"closed","template":"page-templates\/page_fullwidth.php","meta":{"footnotes":""},"class_list":["post-35","page","type-page","status-publish","hentry"],"_links":{"self":[{"href":"https:\/\/www.spisamatbar.se\/index.php?rest_route=\/wp\/v2\/pages\/35","targetHints":{"allow":["GET"]}}],"collection":[{"href":"https:\/\/www.spisamatbar.se\/index.php?rest_route=\/wp\/v2\/pages"}],"about":[{"href":"https:\/\/www.spisamatbar.se\/index.php?rest_route=\/wp\/v2\/types\/page"}],"author":[{"embeddable":true,"href":"https:\/\/www.spisamatbar.se\/index.php?rest_route=\/wp\/v2\/users\/1"}],"replies":[{"embeddable":true,"href":"https:\/\/www.spisamatbar.se\/index.php?rest_route=%2Fwp%2Fv2%2Fcomments&post=35"}],"version-history":[{"count":6,"href":"https:\/\/www.spisamatbar.se\/index.php?rest_route=\/wp\/v2\/pages\/35\/revisions"}],"predecessor-version":[{"id":241,"href":"https:\/\/www.spisamatbar.se\/index.php?rest_route=\/wp\/v2\/pages\/35\/revisions\/241"}],"wp:attachment":[{"href":"https:\/\/www.spisamatbar.se\/index.php?rest_route=%2Fwp%2Fv2%2Fmedia&parent=35"}],"curies":[{"name":"wp","href":"https:\/\/api.w.org\/{rel}","templated":true}]}}